{"id":977,"date":"2024-08-30T17:33:17","date_gmt":"2024-08-30T15:33:17","guid":{"rendered":"https:\/\/www.gestalttheory.net\/de\/?page_id=977"},"modified":"2026-03-30T11:56:45","modified_gmt":"2026-03-30T09:56:45","slug":"gta-tagungen","status":"publish","type":"page","link":"https:\/\/www.gestalttheory.net\/de\/gta-tagungen\/","title":{"rendered":"GTA-Tagungen"},"content":{"rendered":"\t\t<div data-elementor-type=\"wp-page\" data-elementor-id=\"977\" class=\"elementor elementor-977\" data-elementor-post-type=\"page\">\n\t\t\t\t<div class=\"elementor-element elementor-element-e1dcefb e-con-full e-flex e-con e-parent\" data-id=\"e1dcefb\" data-element_type=\"container\" data-e-type=\"container\">\n\t\t\t\t<div class=\"elementor-element elementor-element-f58acd7 elementor-widget elementor-widget-text-editor\" data-id=\"f58acd7\" data-element_type=\"widget\" data-e-type=\"widget\" data-widget_type=\"text-editor.default\">\n\t\t\t\t<div class=\"elementor-widget-container\">\n\t\t\t\t\t\t\t\t\t<p>GTA tagungen<\/p>\t\t\t\t\t\t\t\t<\/div>\n\t\t\t\t<\/div>\n\t\t\t\t<\/div>\n\t\t<div class=\"elementor-element elementor-element-96de405 e-flex e-con-boxed e-con e-parent\" data-id=\"96de405\" data-element_type=\"container\" data-e-type=\"container\" data-settings=\"{&quot;background_background&quot;:&quot;classic&quot;}\">\n\t\t\t\t\t<div class=\"e-con-inner\">\n\t\t<div class=\"elementor-element elementor-element-6b88571 e-con-full e-flex e-con e-child\" data-id=\"6b88571\" data-element_type=\"container\" data-e-type=\"container\" data-settings=\"{&quot;background_background&quot;:&quot;classic&quot;}\">\n\t\t\t\t<div class=\"elementor-element elementor-element-6f27f98 elementor-widget__width-inherit elementor-widget elementor-widget-heading\" data-id=\"6f27f98\" data-element_type=\"widget\" data-e-type=\"widget\" data-widget_type=\"heading.default\">\n\t\t\t\t<div class=\"elementor-widget-container\">\n\t\t\t\t\t<h2 class=\"elementor-heading-title elementor-size-default\">GTA Tagungen<\/h2>\t\t\t\t<\/div>\n\t\t\t\t<\/div>\n\t\t\t\t<div class=\"elementor-element elementor-element-79f6f0e elementor-widget-divider--view-line elementor-invisible elementor-widget elementor-widget-divider\" data-id=\"79f6f0e\" data-element_type=\"widget\" data-e-type=\"widget\" data-settings=\"{&quot;_animation&quot;:&quot;fadeInLeft&quot;}\" data-widget_type=\"divider.default\">\n\t\t\t\t<div class=\"elementor-widget-container\">\n\t\t\t\t\t\t\t<div class=\"elementor-divider\">\n\t\t\t<span class=\"elementor-divider-separator\">\n\t\t\t\t\t\t<\/span>\n\t\t<\/div>\n\t\t\t\t\t\t<\/div>\n\t\t\t\t<\/div>\n\t\t<div class=\"elementor-element elementor-element-5822a9d e-con-full e-flex e-con e-child\" data-id=\"5822a9d\" data-element_type=\"container\" data-e-type=\"container\">\n\t\t\t\t<div class=\"elementor-element elementor-element-5475e84 elementor-widget__width-initial elementor-widget elementor-widget-text-editor\" data-id=\"5475e84\" data-element_type=\"widget\" data-e-type=\"widget\" data-widget_type=\"text-editor.default\">\n\t\t\t\t<div class=\"elementor-widget-container\">\n\t\t\t\t\t\t\t\t\t<p><strong>Seit Gr\u00fcndung der Gesellschaft f\u00fcr Gestalttheorie und ihre Anwendungen 1978 wurden Tagungen und Kongresse organisiert, um die gestalttheoretische Perspektive im wissenschaftlichen Diskurs und in diversen Praxisfeldern sichtbar zu machen und angemessen zu vertreten.<\/strong><\/p><p>Die internationalen wissenschaftlichen Arbeitstagungen der GTA finden seit 1979 regelm\u00e4\u00dfig statt. Sie werden jeweils in Kooperation mit einer Universit\u00e4t oder Akademischen Institution veranstaltet. GTA-Tagungen haben bereits in mehreren europ\u00e4ischen L\u00e4ndern stattgefunden, au\u00dfer in Deutschland und \u00d6sterreich auch in Polen und mehrmals an Universit\u00e4ten in Italien.<\/p><p>Alle zwei Jahre treffen sich GTA-Mitglieder und an der Gestalttheorie interessierte Wissenschaftlerinnen und Wissenschaftler zum multidisziplin\u00e4ren Austausch \u00fcber Weiterentwicklungen und neue gestalttheoretische Projekte. In Vortr\u00e4gen, Workshops, Posterbeitr\u00e4gen informieren sie sich \u00fcber ihre Forschungen und Praxisanwendungen und diskutieren Bez\u00fcge zu neuen Str\u00f6mungen in ihren wissenschaftlichen Arbeitsfeldern. Attraktive Rahmenprogramme bereichern die Treffen, und besonders die pers\u00f6nlichen Begegnungen inspirieren zu Weiterentwicklungen und Kooperationen.<\/p>\t\t\t\t\t\t\t\t<\/div>\n\t\t\t\t<\/div>\n\t\t\t\t<\/div>\n\t\t\t\t<\/div>\n\t\t\t\t\t<\/div>\n\t\t\t\t<\/div>\n\t\t<div class=\"elementor-element elementor-element-1298c1a e-flex e-con-boxed e-con e-parent\" data-id=\"1298c1a\" data-element_type=\"container\" data-e-type=\"container\">\n\t\t\t\t\t<div class=\"e-con-inner\">\n\t\t\t\t<div class=\"elementor-element elementor-element-8c2df71 elementor-widget__width-inherit elementor-widget elementor-widget-heading\" data-id=\"8c2df71\" data-element_type=\"widget\" data-e-type=\"widget\" data-widget_type=\"heading.default\">\n\t\t\t\t<div class=\"elementor-widget-container\">\n\t\t\t\t\t<h2 class=\"elementor-heading-title elementor-size-default\">Aktuelle Tagung<\/h2>\t\t\t\t<\/div>\n\t\t\t\t<\/div>\n\t\t\t\t<div class=\"elementor-element elementor-element-4edb8ac elementor-widget-divider--view-line elementor-invisible elementor-widget elementor-widget-divider\" data-id=\"4edb8ac\" data-element_type=\"widget\" data-e-type=\"widget\" data-settings=\"{&quot;_animation&quot;:&quot;fadeInLeft&quot;}\" data-widget_type=\"divider.default\">\n\t\t\t\t<div class=\"elementor-widget-container\">\n\t\t\t\t\t\t\t<div class=\"elementor-divider\">\n\t\t\t<span class=\"elementor-divider-separator\">\n\t\t\t\t\t\t<\/span>\n\t\t<\/div>\n\t\t\t\t\t\t<\/div>\n\t\t\t\t<\/div>\n\t\t\t\t\t<\/div>\n\t\t\t\t<\/div>\n\t\t<div class=\"elementor-element elementor-element-33889b7 e-flex e-con-boxed e-con e-parent\" data-id=\"33889b7\" data-element_type=\"container\" data-e-type=\"container\">\n\t\t\t\t\t<div class=\"e-con-inner\">\n\t\t\t\t<div class=\"elementor-element elementor-element-298f346 elementor-posts--show-thumbnail elementor-widget elementor-widget-posts\" data-id=\"298f346\" data-element_type=\"widget\" data-e-type=\"widget\" data-settings=\"{&quot;full_content_row_gap&quot;:{&quot;unit&quot;:&quot;px&quot;,&quot;size&quot;:35,&quot;sizes&quot;:[]}}\" data-widget_type=\"posts.full_content\">\n\t\t\t\t<div class=\"elementor-widget-container\">\n\t\t\t\t\t\t\t<div class=\"elementor-posts-container elementor-posts elementor-posts--skin-full_content elementor-grid\" role=\"list\">\n\t\t\t\t<article class=\"elementor-post elementor-grid-item post-1592 post type-post status-publish format-standard has-post-thumbnail hentry category-tagung-news\" role=\"listitem\">\n\t\t\t\t<a class=\"elementor-post__thumbnail__link\" href=\"https:\/\/www.gestalttheory.net\/de\/wir-trauern-um-gisela-kubon-gilke-1956-2026\/\" tabindex=\"-1\" >\n\t\t<div class=\"elementor-post__thumbnail\"><img decoding=\"async\" width=\"128\" height=\"128\" src=\"https:\/\/www.gestalttheory.net\/de\/wp-content\/uploads\/sites\/4\/2026\/08\/Kubon-Gilke.jpg\" class=\"attachment-large size-large wp-image-1594\" alt=\"Gisela Kubon-Gilke\" \/><\/div>\n\t\t<\/a>\n\t\t\t\t<div class=\"elementor-post__text\">\n\t\t\t\t<h3 class=\"elementor-post__title\">\n\t\t\t<a href=\"https:\/\/www.gestalttheory.net\/de\/wir-trauern-um-gisela-kubon-gilke-1956-2026\/\" >\n\t\t\t\tWir trauern um Gisela Kubon-Gilke (1956-2026)\t\t\t<\/a>\n\t\t<\/h3>\n\t\t\n<p class=\"wp-block-paragraph\">Unser GTA-Ehrenmitglied Prof. Dr. Gisela Kubon-Gilke ist am 26.07.2026 nach langer Krankheit verstorben. Wir trauern um eine enthusiastische Wissenschaftlerin, die seit den 1990er Jahren die Gesellschaft f\u00fcr Gestalttheorie und ihre Anwendungen mit ihrer besonderen Expertise und ihrem Engagement begleitet und bereichert hat.<\/p>\n\n\n\n<p class=\"wp-block-paragraph\">Gisela Kubon-Gilke war studierte Volkswirtschaftlerin und seit 1998 Professorin f\u00fcr \u00d6konomie und Sozialpolitik an der der Evangelischen Hochschule Darmstadt. In ihrer Hochschullehre wie in ihren zahlreichen wissenschaftlichen Publikationen spielte die Gestalttheorie eine herausragende Rolle. Sie besch\u00e4ftigte sich mit einer Vielzahl von \u00f6konomischen, sozialen, ethischen und politischen Fragestellungen, die sie im Anschluss an Max Wertheimer, Solomon Asch und Ekkehard Schlicht behandelte und konsistent weiterentwickelte. Dabei hat sie \u00fcber \u00f6konomische Themen unter gestalttheoretischer Perspektive f\u00fcr Studierende und FachkollegInnnen ebenso wie f\u00fcr Fachfremde in verst\u00e4ndlicher Sprache geschrieben und so interdisziplin\u00e4re Zug\u00e4nge erm\u00f6glicht. Das von ihr 2018 herausgegebene Werk \u201eGestalten der Sozialpolitik\u201c vereint in einzigartiger Weise Arbeiten von Co-AutorInnen aus unterschiedlichen Fachdisziplinen zu einer von ihr entwickelten gestalttheoretisch-sozialpolitischen Theorie.<\/p>\n\n\n\n<p class=\"wp-block-paragraph\">Wir trauern auch um eine engagierte GTA-Vorstandskollegin, die als Wirtschaftswissenschaftlerin dem ansonsten ausschlie\u00dflich mit Psychologen besetzten Gremium in den Jahren 1995-2005 viele interdisziplin\u00e4re Impulse gab, in schwierigen Situationen Rat wusste und vermitteln konnte. Die Organisation der 12. Wissenschaftlichen Arbeitstagung 2001 an der Evangelischen Hochschule in Darmstadt zu dem von ihr vorgeschlagenen Thema \u201eKreativit\u00e4t\u201c bot ebenfalls einen exzellenten Rahmen f\u00fcr fach\u00fcbergreifenden Austausch vor dem Hintergrund der Gestalttheorie.<\/p>\n\n\n\n<p class=\"wp-block-paragraph\">Trotz langj\u00e4hriger Krankheit arbeitete sie auch im Ruhestand weiter. In Begleitung ihres Mannes Claus Gilke konnte sie 2017 in Wien die GTA-Ehrenmitgliedschaft entgegennehmen. Sie war damit nach der Psychologin Wera Mahler, der Mathematikerin Edith Luchins, der \u00c4rztin und Entwicklungspsychologin Anna Arfelli-Galli die vierte Frau, zugleich die erste Sozial\u00f6konomin unter den Ehrenmitgliedern unserer Gesellschaft. Wir werden uns an sie erinnern als warmherzige, humorvolle, unabh\u00e4ngige Denkerin mit weitem Horizont, die vor allem die ethischen Aspekte der Gestalttheorie in ihren Schriften und im pers\u00f6nlichen Umgang lebendig werden lie\u00df.<\/p>\n\n\n\n<p class=\"wp-block-paragraph\">Marianne Soff<\/p>\n\n\n\n<p class=\"wp-block-paragraph\">f\u00fcr den Vorstand der GTA<\/p>\n\t\t<\/div>\n\t\t\t\t<\/article>\n\t\t\t\t<\/div>\n\t\t\n\t\t\t\t\t\t<\/div>\n\t\t\t\t<\/div>\n\t\t\t\t\t<\/div>\n\t\t\t\t<\/div>\n\t\t\t\t<\/div>\n\t\t","protected":false},"excerpt":{"rendered":"<p>GTA tagungen GTA Tagungen Seit Gr\u00fcndung der Gesellschaft f\u00fcr Gestalttheorie und ihre Anwendungen 1978 wurden Tagungen und Kongresse organisiert, um die gestalttheoretische Perspektive im wissenschaftlichen Diskurs und in diversen Praxisfeldern sichtbar zu machen und angemessen zu vertreten. Die internationalen wissenschaftlichen Arbeitstagungen der GTA finden seit 1979 regelm\u00e4\u00dfig statt. Sie werden jeweils in Kooperation mit einer [&hellip;]<\/p>\n","protected":false},"author":1,"featured_media":0,"parent":0,"menu_order":620,"comment_status":"closed","ping_status":"closed","template":"","meta":{"_acf_changed":false,"footnotes":""},"class_list":["post-977","page","type-page","status-publish","hentry"],"acf":[],"_links":{"self":[{"href":"https:\/\/www.gestalttheory.net\/de\/wp-json\/wp\/v2\/pages\/977","targetHints":{"allow":["GET"]}}],"collection":[{"href":"https:\/\/www.gestalttheory.net\/de\/wp-json\/wp\/v2\/pages"}],"about":[{"href":"https:\/\/www.gestalttheory.net\/de\/wp-json\/wp\/v2\/types\/page"}],"author":[{"embeddable":true,"href":"https:\/\/www.gestalttheory.net\/de\/wp-json\/wp\/v2\/users\/1"}],"replies":[{"embeddable":true,"href":"https:\/\/www.gestalttheory.net\/de\/wp-json\/wp\/v2\/comments?post=977"}],"version-history":[{"count":16,"href":"https:\/\/www.gestalttheory.net\/de\/wp-json\/wp\/v2\/pages\/977\/revisions"}],"predecessor-version":[{"id":1568,"href":"https:\/\/www.gestalttheory.net\/de\/wp-json\/wp\/v2\/pages\/977\/revisions\/1568"}],"wp:attachment":[{"href":"https:\/\/www.gestalttheory.net\/de\/wp-json\/wp\/v2\/media?parent=977"}],"curies":[{"name":"wp","href":"https:\/\/api.w.org\/{rel}","templated":true}]}}

<div data-elementor-type="wp-page" data-elementor-id="977" class="elementor elementor-977" data-elementor-post-type="page">
				<div class="elementor-element elementor-element-e1dcefb e-con-full e-flex e-con e-parent" data-id="e1dcefb" data-element_type="container" data-e-type="container">
				<div class="elementor-element elementor-element-f58acd7 elementor-widget elementor-widget-text-editor" data-id="f58acd7" data-element_type="widget" data-e-type="widget" data-widget_type="text-editor.default">
				<div class="elementor-widget-container">
									<p>GTA tagungen</p>								</div>
				</div>
				</div>
		<div class="elementor-element elementor-element-96de405 e-flex e-con-boxed e-con e-parent" data-id="96de405" data-element_type="container" data-e-type="container" data-settings="{&quot;background_background&quot;:&quot;classic&quot;}">
					<div class="e-con-inner">
		<div class="elementor-element elementor-element-6b88571 e-con-full e-flex e-con e-child" data-id="6b88571" data-element_type="container" data-e-type="container" data-settings="{&quot;background_background&quot;:&quot;classic&quot;}">
				<div class="elementor-element elementor-element-6f27f98 elementor-widget__width-inherit elementor-widget elementor-widget-heading" data-id="6f27f98" data-element_type="widget" data-e-type="widget" data-widget_type="heading.default">
				<div class="elementor-widget-container">
					<h2 class="elementor-heading-title elementor-size-default">GTA Tagungen</h2>				</div>
				</div>
				<div class="elementor-element elementor-element-79f6f0e elementor-widget-divider--view-line elementor-invisible elementor-widget elementor-widget-divider" data-id="79f6f0e" data-element_type="widget" data-e-type="widget" data-settings="{&quot;_animation&quot;:&quot;fadeInLeft&quot;}" data-widget_type="divider.default">
				<div class="elementor-widget-container">
							<div class="elementor-divider">
			<span class="elementor-divider-separator">
						</span>
		</div>
						</div>
				</div>
		<div class="elementor-element elementor-element-5822a9d e-con-full e-flex e-con e-child" data-id="5822a9d" data-element_type="container" data-e-type="container">
				<div class="elementor-element elementor-element-5475e84 elementor-widget__width-initial elementor-widget elementor-widget-text-editor" data-id="5475e84" data-element_type="widget" data-e-type="widget" data-widget_type="text-editor.default">
				<div class="elementor-widget-container">
									<p><strong>Seit Gründung der Gesellschaft für Gestalttheorie und ihre Anwendungen 1978 wurden Tagungen und Kongresse organisiert, um die gestalttheoretische Perspektive im wissenschaftlichen Diskurs und in diversen Praxisfeldern sichtbar zu machen und angemessen zu vertreten.</strong></p><p>Die internationalen wissenschaftlichen Arbeitstagungen der GTA finden seit 1979 regelmäßig statt. Sie werden jeweils in Kooperation mit einer Universität oder Akademischen Institution veranstaltet. GTA-Tagungen haben bereits in mehreren europäischen Ländern stattgefunden, außer in Deutschland und Österreich auch in Polen und mehrmals an Universitäten in Italien.</p><p>Alle zwei Jahre treffen sich GTA-Mitglieder und an der Gestalttheorie interessierte Wissenschaftlerinnen und Wissenschaftler zum multidisziplinären Austausch über Weiterentwicklungen und neue gestalttheoretische Projekte. In Vorträgen, Workshops, Posterbeiträgen informieren sie sich über ihre Forschungen und Praxisanwendungen und diskutieren Bezüge zu neuen Strömungen in ihren wissenschaftlichen Arbeitsfeldern. Attraktive Rahmenprogramme bereichern die Treffen, und besonders die persönlichen Begegnungen inspirieren zu Weiterentwicklungen und Kooperationen.</p>								</div>
				</div>
				</div>
				</div>
					</div>
				</div>
		<div class="elementor-element elementor-element-1298c1a e-flex e-con-boxed e-con e-parent" data-id="1298c1a" data-element_type="container" data-e-type="container">
					<div class="e-con-inner">
				<div class="elementor-element elementor-element-8c2df71 elementor-widget__width-inherit elementor-widget elementor-widget-heading" data-id="8c2df71" data-element_type="widget" data-e-type="widget" data-widget_type="heading.default">
				<div class="elementor-widget-container">
					<h2 class="elementor-heading-title elementor-size-default">Aktuelle Tagung</h2>				</div>
				</div>
				<div class="elementor-element elementor-element-4edb8ac elementor-widget-divider--view-line elementor-invisible elementor-widget elementor-widget-divider" data-id="4edb8ac" data-element_type="widget" data-e-type="widget" data-settings="{&quot;_animation&quot;:&quot;fadeInLeft&quot;}" data-widget_type="divider.default">
				<div class="elementor-widget-container">
							<div class="elementor-divider">
			<span class="elementor-divider-separator">
						</span>
		</div>
						</div>
				</div>
					</div>
				</div>
		<div class="elementor-element elementor-element-33889b7 e-flex e-con-boxed e-con e-parent" data-id="33889b7" data-element_type="container" data-e-type="container">
					<div class="e-con-inner">
				<div class="elementor-element elementor-element-298f346 elementor-posts--show-thumbnail elementor-widget elementor-widget-posts" data-id="298f346" data-element_type="widget" data-e-type="widget" data-settings="{&quot;full_content_row_gap&quot;:{&quot;unit&quot;:&quot;px&quot;,&quot;size&quot;:35,&quot;sizes&quot;:[]}}" data-widget_type="posts.full_content">
				<div class="elementor-widget-container">
							<div class="elementor-posts-container elementor-posts elementor-posts--skin-full_content elementor-grid" role="list">
				<article class="elementor-post elementor-grid-item post-1592 post type-post status-publish format-standard has-post-thumbnail hentry category-tagung-news" role="listitem">
				<a class="elementor-post__thumbnail__link" href="https://www.gestalttheory.net/de/wir-trauern-um-gisela-kubon-gilke-1956-2026/" tabindex="-1" >
		<div class="elementor-post__thumbnail"><img decoding="async" width="128" height="128" src="https://www.gestalttheory.net/de/wp-content/uploads/sites/4/2026/08/Kubon-Gilke.jpg" class="attachment-large size-large wp-image-1594" alt="Gisela Kubon-Gilke" /></div>
		</a>
				<div class="elementor-post__text">
				<h3 class="elementor-post__title">
			<a href="https://www.gestalttheory.net/de/wir-trauern-um-gisela-kubon-gilke-1956-2026/" >
				Wir trauern um Gisela Kubon-Gilke (1956-2026)			</a>
		</h3>
		
<p class="wp-block-paragraph">Unser GTA-Ehrenmitglied Prof. Dr. Gisela Kubon-Gilke ist am 26.07.2026 nach langer Krankheit verstorben. Wir trauern um eine enthusiastische Wissenschaftlerin, die seit den 1990er Jahren die Gesellschaft für Gestalttheorie und ihre Anwendungen mit ihrer besonderen Expertise und ihrem Engagement begleitet und bereichert hat.</p>



<p class="wp-block-paragraph">Gisela Kubon-Gilke war studierte Volkswirtschaftlerin und seit 1998 Professorin für Ökonomie und Sozialpolitik an der der Evangelischen Hochschule Darmstadt. In ihrer Hochschullehre wie in ihren zahlreichen wissenschaftlichen Publikationen spielte die Gestalttheorie eine herausragende Rolle. Sie beschäftigte sich mit einer Vielzahl von ökonomischen, sozialen, ethischen und politischen Fragestellungen, die sie im Anschluss an Max Wertheimer, Solomon Asch und Ekkehard Schlicht behandelte und konsistent weiterentwickelte. Dabei hat sie über ökonomische Themen unter gestalttheoretischer Perspektive für Studierende und FachkollegInnnen ebenso wie für Fachfremde in verständlicher Sprache geschrieben und so interdisziplinäre Zugänge ermöglicht. Das von ihr 2018 herausgegebene Werk „Gestalten der Sozialpolitik“ vereint in einzigartiger Weise Arbeiten von Co-AutorInnen aus unterschiedlichen Fachdisziplinen zu einer von ihr entwickelten gestalttheoretisch-sozialpolitischen Theorie.</p>



<p class="wp-block-paragraph">Wir trauern auch um eine engagierte GTA-Vorstandskollegin, die als Wirtschaftswissenschaftlerin dem ansonsten ausschließlich mit Psychologen besetzten Gremium in den Jahren 1995-2005 viele interdisziplinäre Impulse gab, in schwierigen Situationen Rat wusste und vermitteln konnte. Die Organisation der 12. Wissenschaftlichen Arbeitstagung 2001 an der Evangelischen Hochschule in Darmstadt zu dem von ihr vorgeschlagenen Thema „Kreativität“ bot ebenfalls einen exzellenten Rahmen für fachübergreifenden Austausch vor dem Hintergrund der Gestalttheorie.</p>



<p class="wp-block-paragraph">Trotz langjähriger Krankheit arbeitete sie auch im Ruhestand weiter. In Begleitung ihres Mannes Claus Gilke konnte sie 2017 in Wien die GTA-Ehrenmitgliedschaft entgegennehmen. Sie war damit nach der Psychologin Wera Mahler, der Mathematikerin Edith Luchins, der Ärztin und Entwicklungspsychologin Anna Arfelli-Galli die vierte Frau, zugleich die erste Sozialökonomin unter den Ehrenmitgliedern unserer Gesellschaft. Wir werden uns an sie erinnern als warmherzige, humorvolle, unabhängige Denkerin mit weitem Horizont, die vor allem die ethischen Aspekte der Gestalttheorie in ihren Schriften und im persönlichen Umgang lebendig werden ließ.</p>



<p class="wp-block-paragraph">Marianne Soff</p>



<p class="wp-block-paragraph">für den Vorstand der GTA</p>
		</div>
				</article>
				</div>
		
						</div>
				</div>
					</div>
				</div>
				</div>

<p>GTA tagungen GTA Tagungen Seit Gründung der Gesellschaft für Gestalttheorie und ihre Anwendungen 1978 wurden Tagungen und Kongresse organisiert, um die gestalttheoretische Perspektive im wissenschaftlichen Diskurs und in diversen Praxisfeldern sichtbar zu machen und angemessen zu vertreten. Die internationalen wissenschaftlichen Arbeitstagungen der GTA finden seit 1979 regelmäßig statt. Sie werden jeweils in Kooperation mit einer [&hellip;]</p>
