{"id":977,"date":"2024-08-30T17:33:17","date_gmt":"2024-08-30T15:33:17","guid":{"rendered":"https:\/\/www.gestalttheory.net\/it\/?page_id=977"},"modified":"2026-03-30T11:58:56","modified_gmt":"2026-03-30T09:58:56","slug":"conferenze-della-gta","status":"publish","type":"page","link":"https:\/\/www.gestalttheory.net\/it\/conferenze-della-gta\/","title":{"rendered":"Conferenze GTA"},"content":{"rendered":"\t\t<div data-elementor-type=\"wp-page\" data-elementor-id=\"977\" class=\"elementor elementor-977\" data-elementor-post-type=\"page\">\n\t\t\t\t<div class=\"elementor-element elementor-element-e1dcefb e-con-full e-flex e-con e-parent\" data-id=\"e1dcefb\" data-element_type=\"container\" data-e-type=\"container\">\n\t\t\t\t<div class=\"elementor-element elementor-element-f58acd7 elementor-widget elementor-widget-text-editor\" data-id=\"f58acd7\" data-element_type=\"widget\" data-e-type=\"widget\" data-widget_type=\"text-editor.default\">\n\t\t\t\t<div class=\"elementor-widget-container\">\n\t\t\t\t\t\t\t\t\tCongressi della GTA\t\t\t\t\t\t\t\t<\/div>\n\t\t\t\t<\/div>\n\t\t\t\t<\/div>\n\t\t<div class=\"elementor-element elementor-element-96de405 e-flex e-con-boxed e-con e-parent\" data-id=\"96de405\" data-element_type=\"container\" data-e-type=\"container\" data-settings=\"{&quot;background_background&quot;:&quot;classic&quot;}\">\n\t\t\t\t\t<div class=\"e-con-inner\">\n\t\t<div class=\"elementor-element elementor-element-6b88571 e-con-full e-flex e-con e-child\" data-id=\"6b88571\" data-element_type=\"container\" data-e-type=\"container\" data-settings=\"{&quot;background_background&quot;:&quot;classic&quot;}\">\n\t\t\t\t<div class=\"elementor-element elementor-element-6f27f98 elementor-widget__width-inherit elementor-widget elementor-widget-heading\" data-id=\"6f27f98\" data-element_type=\"widget\" data-e-type=\"widget\" data-widget_type=\"heading.default\">\n\t\t\t\t<div class=\"elementor-widget-container\">\n\t\t\t\t\t<h2 class=\"elementor-heading-title elementor-size-default\">Congressi della GTA<\/h2>\t\t\t\t<\/div>\n\t\t\t\t<\/div>\n\t\t\t\t<div class=\"elementor-element elementor-element-79f6f0e elementor-widget-divider--view-line elementor-invisible elementor-widget elementor-widget-divider\" data-id=\"79f6f0e\" data-element_type=\"widget\" data-e-type=\"widget\" data-settings=\"{&quot;_animation&quot;:&quot;fadeInLeft&quot;}\" data-widget_type=\"divider.default\">\n\t\t\t\t<div class=\"elementor-widget-container\">\n\t\t\t\t\t\t\t<div class=\"elementor-divider\">\n\t\t\t<span class=\"elementor-divider-separator\">\n\t\t\t\t\t\t<\/span>\n\t\t<\/div>\n\t\t\t\t\t\t<\/div>\n\t\t\t\t<\/div>\n\t\t<div class=\"elementor-element elementor-element-5822a9d e-con-full e-flex e-con e-child\" data-id=\"5822a9d\" data-element_type=\"container\" data-e-type=\"container\">\n\t\t\t\t<div class=\"elementor-element elementor-element-5475e84 elementor-widget__width-initial elementor-widget elementor-widget-text-editor\" data-id=\"5475e84\" data-element_type=\"widget\" data-e-type=\"widget\" data-widget_type=\"text-editor.default\">\n\t\t\t\t<div class=\"elementor-widget-container\">\n\t\t\t\t\t\t\t\t\t<p><strong>Dalla fondazione, nel 1978, della Societ\u00e0 per la Teoria della Gestalt e le sue Applicazioni (GTA), sono stati organizzati congressi e conferenze finalizzati a mantenere viva e a diffondere la prospettiva teorica della Gestalt nel discorso scientifico e in vari ambiti applicativi.<\/strong><\/p><p>Le conferenze scientifiche internazionali della GTA si svolgono regolarmente dal 1979. Ogni evento \u00e8 organizzato in collaborazione con un\u2019universit\u00e0 o un\u2019istituzione accademica. I congressi della GTA si sono svolti in vari paesi europei; oltre che in Germania e in Austria, anche in Polonia e in pi\u00f9 occasioni presso universit\u00e0 italiane.<\/p><p>Ogni due anni i soci della GTA e i ricercatori interessati si incontrano per uno scambio multidisciplinare sui progressi e i nuovi progetti legati alla Teoria della Gestalt. Attraverso conferenze, workshop e presentazioni di poster, i partecipanti si informano sullo stato delle ricerche e delle applicazioni pratiche e discutono di nuovi orientamenti nei loro campi di lavoro scientifici. Gli incontri sono arricchiti da programmi di contorno e gli incontri personali ispirano nuovi sviluppi e collaborazioni.<\/p>\t\t\t\t\t\t\t\t<\/div>\n\t\t\t\t<\/div>\n\t\t\t\t<\/div>\n\t\t\t\t<\/div>\n\t\t\t\t\t<\/div>\n\t\t\t\t<\/div>\n\t\t<div class=\"elementor-element elementor-element-1298c1a e-flex e-con-boxed e-con e-parent\" data-id=\"1298c1a\" data-element_type=\"container\" data-e-type=\"container\">\n\t\t\t\t\t<div class=\"e-con-inner\">\n\t\t\t\t<div class=\"elementor-element elementor-element-8c2df71 elementor-widget__width-inherit elementor-widget elementor-widget-heading\" data-id=\"8c2df71\" data-element_type=\"widget\" data-e-type=\"widget\" data-widget_type=\"heading.default\">\n\t\t\t\t<div class=\"elementor-widget-container\">\n\t\t\t\t\t<h2 class=\"elementor-heading-title elementor-size-default\">Conferenza Attuale<\/h2>\t\t\t\t<\/div>\n\t\t\t\t<\/div>\n\t\t\t\t<div class=\"elementor-element elementor-element-4edb8ac elementor-widget-divider--view-line elementor-invisible elementor-widget elementor-widget-divider\" data-id=\"4edb8ac\" data-element_type=\"widget\" data-e-type=\"widget\" data-settings=\"{&quot;_animation&quot;:&quot;fadeInLeft&quot;}\" data-widget_type=\"divider.default\">\n\t\t\t\t<div class=\"elementor-widget-container\">\n\t\t\t\t\t\t\t<div class=\"elementor-divider\">\n\t\t\t<span class=\"elementor-divider-separator\">\n\t\t\t\t\t\t<\/span>\n\t\t<\/div>\n\t\t\t\t\t\t<\/div>\n\t\t\t\t<\/div>\n\t\t\t\t\t<\/div>\n\t\t\t\t<\/div>\n\t\t<div class=\"elementor-element elementor-element-33889b7 e-flex e-con-boxed e-con e-parent\" data-id=\"33889b7\" data-element_type=\"container\" data-e-type=\"container\">\n\t\t\t\t\t<div class=\"e-con-inner\">\n\t\t\t\t<div class=\"elementor-element elementor-element-298f346 elementor-posts--show-thumbnail elementor-widget elementor-widget-posts\" data-id=\"298f346\" data-element_type=\"widget\" data-e-type=\"widget\" data-settings=\"{&quot;full_content_row_gap&quot;:{&quot;unit&quot;:&quot;px&quot;,&quot;size&quot;:35,&quot;sizes&quot;:[]}}\" data-widget_type=\"posts.full_content\">\n\t\t\t\t<div class=\"elementor-widget-container\">\n\t\t\t\t\t\t\t<div class=\"elementor-posts-container elementor-posts elementor-posts--skin-full_content elementor-grid\" role=\"list\">\n\t\t\t\t<article class=\"elementor-post elementor-grid-item post-1741 post type-post status-publish format-standard has-post-thumbnail hentry category-news\" role=\"listitem\">\n\t\t\t\t<a class=\"elementor-post__thumbnail__link\" href=\"https:\/\/www.gestalttheory.net\/it\/piangiamo-la-scomparsa-di-gisela-kubon-gilke-1956-2026\/\" tabindex=\"-1\" >\n\t\t<div class=\"elementor-post__thumbnail\"><img fetchpriority=\"high\" decoding=\"async\" width=\"200\" height=\"250\" src=\"data:image\/gif;base64,R0lGODlhAQABAIAAAAAAAP\/\/\/yH5BAEAAAAALAAAAAABAAEAAAIBRAA7\" data-src=\"https:\/\/www.gestalttheory.net\/it\/wp-content\/uploads\/sites\/6\/2024\/07\/ehrenmitglied-gisela-kuban-gilke-gta.jpg\" class=\"attachment-large size-large wp-image-323 lazyload\" alt=\"Ehrenmitglieder Gisela Kubon-Gilke - GTA\" \/><noscript><img decoding=\"async\" width=\"200\" height=\"250\" src=\"https:\/\/www.gestalttheory.net\/it\/wp-content\/uploads\/sites\/6\/2024\/07\/ehrenmitglied-gisela-kuban-gilke-gta.jpg\" class=\"attachment-large size-large wp-image-323 lazyload\" alt=\"Ehrenmitglieder Gisela Kubon-Gilke - GTA\" \/><\/noscript><\/div>\n\t\t<\/a>\n\t\t\t\t<div class=\"elementor-post__text\">\n\t\t\t\t<h3 class=\"elementor-post__title\">\n\t\t\t<a href=\"https:\/\/www.gestalttheory.net\/it\/piangiamo-la-scomparsa-di-gisela-kubon-gilke-1956-2026\/\" >\n\t\t\t\tPiangiamo la scomparsa di Gisela Kubon-Gilke (1956\u20132026)\t\t\t<\/a>\n\t\t<\/h3>\n\t\t\n<p class=\"wp-block-paragraph\">La nostra socia onoraria della GTA, la prof.ssa Gisela Kubon-Gilke, \u00e8 venuta a mancare il 26 luglio 2026 dopo una lunga malattia. Piangiamo la scomparsa di una studiosa appassionata che, fin dagli anni \u201990, ha accompagnato e arricchito la Societ\u00e0 per la Teoria della Gestalt e le sue Applicazioni con la sua straordinaria competenza e il suo impegno.<\/p>\n\n\n\n<p class=\"wp-block-paragraph\">Gisela Kubon-Gilke era laureata in economia e, dal 1998, titolare della cattedra di Economia e Politica sociale presso l\u2019Universit\u00e0 Evangelica di Scienze Applicate di Darmstadt. Nella sua attivit\u00e0 didattica, cos\u00ec come nelle sue numerose pubblicazioni scientifiche, la teoria della Gestalt ha svolto un ruolo di primo piano. Si \u00e8 occupata di una vasta gamma di questioni economiche, sociali, etiche e politiche, che ha affrontato e sviluppato in modo coerente nel solco del pensiero di Max Wertheimer, Solomon Asch ed Ekkehard Schlicht. In questo contesto, ha trattato temi economici da una prospettiva gestaltista, utilizzando un linguaggio accessibile sia a studenti e colleghi, sia a un pubblico di non addetti ai lavori, favorendo cos\u00ec proficui approcci interdisciplinari. L\u2019opera da lei curata nel 2018, <em>Gestalten der Sozialpolitik<\/em>, riunisce in modo coerente i lavori di coautori provenienti da diverse discipline attorno a una teoria socio-politica di orientamento gestaltista da lei stessa sviluppata.<\/p>\n\n\n\n<p class=\"wp-block-paragraph\">Piangiamo anche la scomparsa di una stimata e amata collega del Consiglio Direttivo della GTA, che in qualit\u00e0 di economista ha apportato molti stimoli interdisciplinari a un organo altrimenti composto esclusivamente da psicologi (1995-2005), dimostrando capacit\u00e0 di mediazione e offrendo sempre saggi consigli nelle situazioni pi\u00f9 complesse. L\u2019organizzazione del 12\u00b0 Convegno Scientifico del 2001 presso l\u2019Universit\u00e0 Evangelica di Darmstadt, dedicato al tema da lei proposto della \u00abcreativit\u00e0\u00bb, ha costituito anch\u2019esso un importante momento di confronto interdisciplinare alla luce della teoria della Gestalt.<\/p>\n\n\n\n<p class=\"wp-block-paragraph\">Nonostante la lunga malattia, ha continuato a lavorare con dedizione anche dopo il pensionamento. Accompagnata dal marito Claus Gilke, nel 2017 ha potuto ritirare di persona a Vienna il titolo di socia onoraria della GTA. \u00c8 stata cos\u00ec la quarta donna, dopo la psicologa Wera Mahler, la matematica Edith Luchins e la psicologa dello sviluppo Anna Arfelli-Galli, e al contempo la prima economista sociale tra i soci onorari della nostra societ\u00e0. La ricorderemo come una pensatrice cordiale, dotata di ironia, indipendenza di pensiero e di ampiezza di vedute, che ha saputo incarnare ed esprimere gli aspetti etici della teoria della Gestalt sia nei suoi scritti che nelle relazioni interpersonali.<\/p>\n\n\n\n<p class=\"wp-block-paragraph\">Marianne Soff<\/p>\n\n\n\n<p class=\"wp-block-paragraph\">a nome del Consiglio Direttivo della GTA<\/p>\n\t\t<\/div>\n\t\t\t\t<\/article>\n\t\t\t\t<\/div>\n\t\t\n\t\t\t\t\t\t<\/div>\n\t\t\t\t<\/div>\n\t\t\t\t\t<\/div>\n\t\t\t\t<\/div>\n\t\t\t\t<\/div>\n\t\t","protected":false},"excerpt":{"rendered":"<p>Congressi della GTA Congressi della GTA Dalla fondazione, nel 1978, della Societ\u00e0 per la Teoria della Gestalt e le sue Applicazioni (GTA), sono stati organizzati congressi e conferenze finalizzati a mantenere viva e a diffondere la prospettiva teorica della Gestalt nel discorso scientifico e in vari ambiti applicativi. Le conferenze scientifiche internazionali della GTA si [&hellip;]<\/p>\n","protected":false},"author":1,"featured_media":0,"parent":0,"menu_order":620,"comment_status":"closed","ping_status":"closed","template":"","meta":{"_acf_changed":false,"footnotes":""},"class_list":["post-977","page","type-page","status-publish","hentry"],"acf":[],"_links":{"self":[{"href":"https:\/\/www.gestalttheory.net\/it\/wp-json\/wp\/v2\/pages\/977","targetHints":{"allow":["GET"]}}],"collection":[{"href":"https:\/\/www.gestalttheory.net\/it\/wp-json\/wp\/v2\/pages"}],"about":[{"href":"https:\/\/www.gestalttheory.net\/it\/wp-json\/wp\/v2\/types\/page"}],"author":[{"embeddable":true,"href":"https:\/\/www.gestalttheory.net\/it\/wp-json\/wp\/v2\/users\/1"}],"replies":[{"embeddable":true,"href":"https:\/\/www.gestalttheory.net\/it\/wp-json\/wp\/v2\/comments?post=977"}],"version-history":[{"count":27,"href":"https:\/\/www.gestalttheory.net\/it\/wp-json\/wp\/v2\/pages\/977\/revisions"}],"predecessor-version":[{"id":1728,"href":"https:\/\/www.gestalttheory.net\/it\/wp-json\/wp\/v2\/pages\/977\/revisions\/1728"}],"wp:attachment":[{"href":"https:\/\/www.gestalttheory.net\/it\/wp-json\/wp\/v2\/media?parent=977"}],"curies":[{"name":"wp","href":"https:\/\/api.w.org\/{rel}","templated":true}]}}

<div data-elementor-type="wp-page" data-elementor-id="977" class="elementor elementor-977" data-elementor-post-type="page">
				<div class="elementor-element elementor-element-e1dcefb e-con-full e-flex e-con e-parent" data-id="e1dcefb" data-element_type="container" data-e-type="container">
				<div class="elementor-element elementor-element-f58acd7 elementor-widget elementor-widget-text-editor" data-id="f58acd7" data-element_type="widget" data-e-type="widget" data-widget_type="text-editor.default">
				<div class="elementor-widget-container">
									Congressi della GTA								</div>
				</div>
				</div>
		<div class="elementor-element elementor-element-96de405 e-flex e-con-boxed e-con e-parent" data-id="96de405" data-element_type="container" data-e-type="container" data-settings="{&quot;background_background&quot;:&quot;classic&quot;}">
					<div class="e-con-inner">
		<div class="elementor-element elementor-element-6b88571 e-con-full e-flex e-con e-child" data-id="6b88571" data-element_type="container" data-e-type="container" data-settings="{&quot;background_background&quot;:&quot;classic&quot;}">
				<div class="elementor-element elementor-element-6f27f98 elementor-widget__width-inherit elementor-widget elementor-widget-heading" data-id="6f27f98" data-element_type="widget" data-e-type="widget" data-widget_type="heading.default">
				<div class="elementor-widget-container">
					<h2 class="elementor-heading-title elementor-size-default">Congressi della GTA</h2>				</div>
				</div>
				<div class="elementor-element elementor-element-79f6f0e elementor-widget-divider--view-line elementor-invisible elementor-widget elementor-widget-divider" data-id="79f6f0e" data-element_type="widget" data-e-type="widget" data-settings="{&quot;_animation&quot;:&quot;fadeInLeft&quot;}" data-widget_type="divider.default">
				<div class="elementor-widget-container">
							<div class="elementor-divider">
			<span class="elementor-divider-separator">
						</span>
		</div>
						</div>
				</div>
		<div class="elementor-element elementor-element-5822a9d e-con-full e-flex e-con e-child" data-id="5822a9d" data-element_type="container" data-e-type="container">
				<div class="elementor-element elementor-element-5475e84 elementor-widget__width-initial elementor-widget elementor-widget-text-editor" data-id="5475e84" data-element_type="widget" data-e-type="widget" data-widget_type="text-editor.default">
				<div class="elementor-widget-container">
									<p><strong>Dalla fondazione, nel 1978, della Società per la Teoria della Gestalt e le sue Applicazioni (GTA), sono stati organizzati congressi e conferenze finalizzati a mantenere viva e a diffondere la prospettiva teorica della Gestalt nel discorso scientifico e in vari ambiti applicativi.</strong></p><p>Le conferenze scientifiche internazionali della GTA si svolgono regolarmente dal 1979. Ogni evento è organizzato in collaborazione con un’università o un’istituzione accademica. I congressi della GTA si sono svolti in vari paesi europei; oltre che in Germania e in Austria, anche in Polonia e in più occasioni presso università italiane.</p><p>Ogni due anni i soci della GTA e i ricercatori interessati si incontrano per uno scambio multidisciplinare sui progressi e i nuovi progetti legati alla Teoria della Gestalt. Attraverso conferenze, workshop e presentazioni di poster, i partecipanti si informano sullo stato delle ricerche e delle applicazioni pratiche e discutono di nuovi orientamenti nei loro campi di lavoro scientifici. Gli incontri sono arricchiti da programmi di contorno e gli incontri personali ispirano nuovi sviluppi e collaborazioni.</p>								</div>
				</div>
				</div>
				</div>
					</div>
				</div>
		<div class="elementor-element elementor-element-1298c1a e-flex e-con-boxed e-con e-parent" data-id="1298c1a" data-element_type="container" data-e-type="container">
					<div class="e-con-inner">
				<div class="elementor-element elementor-element-8c2df71 elementor-widget__width-inherit elementor-widget elementor-widget-heading" data-id="8c2df71" data-element_type="widget" data-e-type="widget" data-widget_type="heading.default">
				<div class="elementor-widget-container">
					<h2 class="elementor-heading-title elementor-size-default">Conferenza Attuale</h2>				</div>
				</div>
				<div class="elementor-element elementor-element-4edb8ac elementor-widget-divider--view-line elementor-invisible elementor-widget elementor-widget-divider" data-id="4edb8ac" data-element_type="widget" data-e-type="widget" data-settings="{&quot;_animation&quot;:&quot;fadeInLeft&quot;}" data-widget_type="divider.default">
				<div class="elementor-widget-container">
							<div class="elementor-divider">
			<span class="elementor-divider-separator">
						</span>
		</div>
						</div>
				</div>
					</div>
				</div>
		<div class="elementor-element elementor-element-33889b7 e-flex e-con-boxed e-con e-parent" data-id="33889b7" data-element_type="container" data-e-type="container">
					<div class="e-con-inner">
				<div class="elementor-element elementor-element-298f346 elementor-posts--show-thumbnail elementor-widget elementor-widget-posts" data-id="298f346" data-element_type="widget" data-e-type="widget" data-settings="{&quot;full_content_row_gap&quot;:{&quot;unit&quot;:&quot;px&quot;,&quot;size&quot;:35,&quot;sizes&quot;:[]}}" data-widget_type="posts.full_content">
				<div class="elementor-widget-container">
							<div class="elementor-posts-container elementor-posts elementor-posts--skin-full_content elementor-grid" role="list">
				<article class="elementor-post elementor-grid-item post-1741 post type-post status-publish format-standard has-post-thumbnail hentry category-news" role="listitem">
				<a class="elementor-post__thumbnail__link" href="https://www.gestalttheory.net/it/piangiamo-la-scomparsa-di-gisela-kubon-gilke-1956-2026/" tabindex="-1" >
		<div class="elementor-post__thumbnail"><img fetchpriority="high" decoding="async" width="200" height="250" src="data:image/gif;base64,R0lGODlhAQABAIAAAAAAAP///yH5BAEAAAAALAAAAAABAAEAAAIBRAA7" data-src="https://www.gestalttheory.net/it/wp-content/uploads/sites/6/2024/07/ehrenmitglied-gisela-kuban-gilke-gta.jpg" class="attachment-large size-large wp-image-323 lazyload" alt="Ehrenmitglieder Gisela Kubon-Gilke - GTA" /><noscript><img decoding="async" width="200" height="250" src="https://www.gestalttheory.net/it/wp-content/uploads/sites/6/2024/07/ehrenmitglied-gisela-kuban-gilke-gta.jpg" class="attachment-large size-large wp-image-323 lazyload" alt="Ehrenmitglieder Gisela Kubon-Gilke - GTA" /></noscript></div>
		</a>
				<div class="elementor-post__text">
				<h3 class="elementor-post__title">
			<a href="https://www.gestalttheory.net/it/piangiamo-la-scomparsa-di-gisela-kubon-gilke-1956-2026/" >
				Piangiamo la scomparsa di Gisela Kubon-Gilke (1956–2026)			</a>
		</h3>
		
<p class="wp-block-paragraph">La nostra socia onoraria della GTA, la prof.ssa Gisela Kubon-Gilke, è venuta a mancare il 26 luglio 2026 dopo una lunga malattia. Piangiamo la scomparsa di una studiosa appassionata che, fin dagli anni ’90, ha accompagnato e arricchito la Società per la Teoria della Gestalt e le sue Applicazioni con la sua straordinaria competenza e il suo impegno.</p>



<p class="wp-block-paragraph">Gisela Kubon-Gilke era laureata in economia e, dal 1998, titolare della cattedra di Economia e Politica sociale presso l’Università Evangelica di Scienze Applicate di Darmstadt. Nella sua attività didattica, così come nelle sue numerose pubblicazioni scientifiche, la teoria della Gestalt ha svolto un ruolo di primo piano. Si è occupata di una vasta gamma di questioni economiche, sociali, etiche e politiche, che ha affrontato e sviluppato in modo coerente nel solco del pensiero di Max Wertheimer, Solomon Asch ed Ekkehard Schlicht. In questo contesto, ha trattato temi economici da una prospettiva gestaltista, utilizzando un linguaggio accessibile sia a studenti e colleghi, sia a un pubblico di non addetti ai lavori, favorendo così proficui approcci interdisciplinari. L’opera da lei curata nel 2018, <em>Gestalten der Sozialpolitik</em>, riunisce in modo coerente i lavori di coautori provenienti da diverse discipline attorno a una teoria socio-politica di orientamento gestaltista da lei stessa sviluppata.</p>



<p class="wp-block-paragraph">Piangiamo anche la scomparsa di una stimata e amata collega del Consiglio Direttivo della GTA, che in qualità di economista ha apportato molti stimoli interdisciplinari a un organo altrimenti composto esclusivamente da psicologi (1995-2005), dimostrando capacità di mediazione e offrendo sempre saggi consigli nelle situazioni più complesse. L’organizzazione del 12° Convegno Scientifico del 2001 presso l’Università Evangelica di Darmstadt, dedicato al tema da lei proposto della «creatività», ha costituito anch’esso un importante momento di confronto interdisciplinare alla luce della teoria della Gestalt.</p>



<p class="wp-block-paragraph">Nonostante la lunga malattia, ha continuato a lavorare con dedizione anche dopo il pensionamento. Accompagnata dal marito Claus Gilke, nel 2017 ha potuto ritirare di persona a Vienna il titolo di socia onoraria della GTA. È stata così la quarta donna, dopo la psicologa Wera Mahler, la matematica Edith Luchins e la psicologa dello sviluppo Anna Arfelli-Galli, e al contempo la prima economista sociale tra i soci onorari della nostra società. La ricorderemo come una pensatrice cordiale, dotata di ironia, indipendenza di pensiero e di ampiezza di vedute, che ha saputo incarnare ed esprimere gli aspetti etici della teoria della Gestalt sia nei suoi scritti che nelle relazioni interpersonali.</p>



<p class="wp-block-paragraph">Marianne Soff</p>



<p class="wp-block-paragraph">a nome del Consiglio Direttivo della GTA</p>
		</div>
				</article>
				</div>
		
						</div>
				</div>
					</div>
				</div>
				</div>

<p>Congressi della GTA Congressi della GTA Dalla fondazione, nel 1978, della Società per la Teoria della Gestalt e le sue Applicazioni (GTA), sono stati organizzati congressi e conferenze finalizzati a mantenere viva e a diffondere la prospettiva teorica della Gestalt nel discorso scientifico e in vari ambiti applicativi. Le conferenze scientifiche internazionali della GTA si [&hellip;]</p>
